{"id":876,"date":"2024-11-07T12:30:26","date_gmt":"2024-11-07T11:30:26","guid":{"rendered":"http:\/\/design-boerse-berlin.de\/galerie\/?page_id=876"},"modified":"2024-11-07T15:25:27","modified_gmt":"2024-11-07T14:25:27","slug":"designboerse-berlin-2024-rueckblick","status":"publish","type":"page","link":"http:\/\/design-boerse-berlin.de\/galerie\/designboerse-berlin-2024-rueckblick\/","title":{"rendered":"So war die Designb\u00f6rse Berlin 2024"},"content":{"rendered":"\n<p class=\"has-text-align-left\">Die Designb\u00f6rse Berlin im Oktober 2024 war ein gro\u00dfer Erfolg und zog rund 3.000 Besucher in die Trib\u00fcnenhalle der Trabrennbahn Karlshorst. Wie immer gab es ein breites Spektrum an M\u00f6beln, Lampen und Wohnaccessoires aus verschiedenen Epochen des 20. Jahrhunderts, von Bauhaus-Klassikern bis Mid-Century-Designs, zu bestaunen und zu kaufen. Designliebhaber und Sammler fanden zahlreiche gut erhaltene Originalst\u00fccke. Fachbesucher und private Besucher waren gleicherma\u00dfen begeistert und best\u00e4tigten die Designb\u00f6rse als Highlight der Berliner Designszene. Die n\u00e4chste Messe findet vom 3. bis 5. Oktober 2025 statt. Wir freuen uns schon drauf!<\/p>\n\n\n\n<p class=\"has-text-align-center\">Hier einige Impressionen der letzten B\u00f6rse:<\/p>\n\n\n<div class=\"wp-block-image\">\n<figure class=\"aligncenter size-large is-resized\"><img loading=\"lazy\" decoding=\"async\" width=\"768\" height=\"1024\" src=\"http:\/\/design-boerse-berlin.de\/galerie\/wp-content\/uploads\/2024\/11\/1-1-768x1024.jpg\" alt=\"\" class=\"wp-image-891\" style=\"width:512px\" srcset=\"http:\/\/design-boerse-berlin.de\/galerie\/wp-content\/uploads\/2024\/11\/1-1-768x1024.jpg 768w, http:\/\/design-boerse-berlin.de\/galerie\/wp-content\/uploads\/2024\/11\/1-1-225x300.jpg 225w, http:\/\/design-boerse-berlin.de\/galerie\/wp-content\/uploads\/2024\/11\/1-1-1152x1536.jpg 1152w, http:\/\/design-boerse-berlin.de\/galerie\/wp-content\/uploads\/2024\/11\/1-1.jpg 1200w\" sizes=\"auto, (max-width: 768px) 100vw, 768px\" \/><\/figure>\n<\/div>\n\n<div class=\"wp-block-image\">\n<figure class=\"aligncenter size-large is-resized\"><img loading=\"lazy\" decoding=\"async\" width=\"1024\" height=\"768\" src=\"http:\/\/design-boerse-berlin.de\/galerie\/wp-content\/uploads\/2024\/11\/3-1024x768.jpg\" alt=\"\" class=\"wp-image-879\" style=\"width:512px\" srcset=\"http:\/\/design-boerse-berlin.de\/galerie\/wp-content\/uploads\/2024\/11\/3-1024x768.jpg 1024w, http:\/\/design-boerse-berlin.de\/galerie\/wp-content\/uploads\/2024\/11\/3-300x225.jpg 300w, http:\/\/design-boerse-berlin.de\/galerie\/wp-content\/uploads\/2024\/11\/3-768x576.jpg 768w, http:\/\/design-boerse-berlin.de\/galerie\/wp-content\/uploads\/2024\/11\/3.jpg 1210w\" sizes=\"auto, (max-width: 1024px) 100vw, 1024px\" \/><\/figure>\n<\/div>\n\n<div class=\"wp-block-image\">\n<figure class=\"aligncenter size-large is-resized\"><img loading=\"lazy\" decoding=\"async\" width=\"768\" height=\"1024\" src=\"http:\/\/design-boerse-berlin.de\/galerie\/wp-content\/uploads\/2024\/11\/3-1-768x1024.jpg\" alt=\"\" class=\"wp-image-892\" style=\"width:512px\" srcset=\"http:\/\/design-boerse-berlin.de\/galerie\/wp-content\/uploads\/2024\/11\/3-1-768x1025.jpg 768w, http:\/\/design-boerse-berlin.de\/galerie\/wp-content\/uploads\/2024\/11\/3-1-225x300.jpg 225w, http:\/\/design-boerse-berlin.de\/galerie\/wp-content\/uploads\/2024\/11\/3-1.jpg 907w\" sizes=\"auto, (max-width: 768px) 100vw, 768px\" \/><\/figure>\n<\/div>\n\n<div class=\"wp-block-image\">\n<figure class=\"aligncenter size-large is-resized\"><img loading=\"lazy\" decoding=\"async\" width=\"1024\" height=\"768\" src=\"http:\/\/design-boerse-berlin.de\/galerie\/wp-content\/uploads\/2024\/11\/4-1024x768.jpg\" alt=\"\" class=\"wp-image-880\" style=\"width:512px\" srcset=\"http:\/\/design-boerse-berlin.de\/galerie\/wp-content\/uploads\/2024\/11\/4-1024x768.jpg 1024w, http:\/\/design-boerse-berlin.de\/galerie\/wp-content\/uploads\/2024\/11\/4-300x225.jpg 300w, http:\/\/design-boerse-berlin.de\/galerie\/wp-content\/uploads\/2024\/11\/4-768x576.jpg 768w, http:\/\/design-boerse-berlin.de\/galerie\/wp-content\/uploads\/2024\/11\/4.jpg 1210w\" sizes=\"auto, (max-width: 1024px) 100vw, 1024px\" \/><\/figure>\n<\/div>\n\n<div class=\"wp-block-image\">\n<figure class=\"aligncenter size-large is-resized\"><img loading=\"lazy\" decoding=\"async\" width=\"768\" height=\"1024\" src=\"http:\/\/design-boerse-berlin.de\/galerie\/wp-content\/uploads\/2024\/11\/5-768x1024.jpg\" alt=\"\" class=\"wp-image-881\" style=\"width:512px\" srcset=\"http:\/\/design-boerse-berlin.de\/galerie\/wp-content\/uploads\/2024\/11\/5-768x1024.jpg 768w, http:\/\/design-boerse-berlin.de\/galerie\/wp-content\/uploads\/2024\/11\/5-225x300.jpg 225w, http:\/\/design-boerse-berlin.de\/galerie\/wp-content\/uploads\/2024\/11\/5-1152x1536.jpg 1152w, http:\/\/design-boerse-berlin.de\/galerie\/wp-content\/uploads\/2024\/11\/5.jpg 1200w\" sizes=\"auto, (max-width: 768px) 100vw, 768px\" \/><\/figure>\n<\/div>\n\n<div class=\"wp-block-image\">\n<figure class=\"aligncenter size-large is-resized\"><img loading=\"lazy\" decoding=\"async\" width=\"1024\" height=\"768\" src=\"http:\/\/design-boerse-berlin.de\/galerie\/wp-content\/uploads\/2024\/11\/6-1024x768.jpg\" alt=\"\" class=\"wp-image-882\" style=\"width:512px\" srcset=\"http:\/\/design-boerse-berlin.de\/galerie\/wp-content\/uploads\/2024\/11\/6-1024x768.jpg 1024w, http:\/\/design-boerse-berlin.de\/galerie\/wp-content\/uploads\/2024\/11\/6-300x225.jpg 300w, http:\/\/design-boerse-berlin.de\/galerie\/wp-content\/uploads\/2024\/11\/6-768x576.jpg 768w, http:\/\/design-boerse-berlin.de\/galerie\/wp-content\/uploads\/2024\/11\/6-1536x1152.jpg 1536w, http:\/\/design-boerse-berlin.de\/galerie\/wp-content\/uploads\/2024\/11\/6.jpg 2016w\" sizes=\"auto, (max-width: 1024px) 100vw, 1024px\" \/><\/figure>\n<\/div>\n\n<div class=\"wp-block-image\">\n<figure class=\"aligncenter size-large is-resized\"><img loading=\"lazy\" decoding=\"async\" width=\"768\" height=\"1024\" src=\"http:\/\/design-boerse-berlin.de\/galerie\/wp-content\/uploads\/2024\/11\/7-1-768x1024.jpg\" alt=\"\" class=\"wp-image-894\" style=\"width:512px\" srcset=\"http:\/\/design-boerse-berlin.de\/galerie\/wp-content\/uploads\/2024\/11\/7-1-768x1025.jpg 768w, http:\/\/design-boerse-berlin.de\/galerie\/wp-content\/uploads\/2024\/11\/7-1-225x300.jpg 225w, http:\/\/design-boerse-berlin.de\/galerie\/wp-content\/uploads\/2024\/11\/7-1.jpg 907w\" sizes=\"auto, (max-width: 768px) 100vw, 768px\" \/><\/figure>\n<\/div>\n\n<div class=\"wp-block-image\">\n<figure class=\"aligncenter size-large is-resized\"><img loading=\"lazy\" decoding=\"async\" width=\"1210\" height=\"907\" src=\"http:\/\/design-boerse-berlin.de\/galerie\/wp-content\/uploads\/2024\/11\/8-1024x768.jpg\" alt=\"\" class=\"wp-image-884\" style=\"width:512px\" srcset=\"http:\/\/design-boerse-berlin.de\/galerie\/wp-content\/uploads\/2024\/11\/8-1024x768.jpg 1024w, http:\/\/design-boerse-berlin.de\/galerie\/wp-content\/uploads\/2024\/11\/8-300x225.jpg 300w, http:\/\/design-boerse-berlin.de\/galerie\/wp-content\/uploads\/2024\/11\/8-768x576.jpg 768w, http:\/\/design-boerse-berlin.de\/galerie\/wp-content\/uploads\/2024\/11\/8.jpg 1210w\" sizes=\"auto, (max-width: 1210px) 100vw, 1210px\" \/><\/figure>\n<\/div>\n\n<div class=\"wp-block-image\">\n<figure class=\"aligncenter size-large is-resized\"><img loading=\"lazy\" decoding=\"async\" width=\"1024\" height=\"768\" src=\"http:\/\/design-boerse-berlin.de\/galerie\/wp-content\/uploads\/2024\/11\/9-1024x768.jpg\" alt=\"\" class=\"wp-image-885\" style=\"width:512px\" srcset=\"http:\/\/design-boerse-berlin.de\/galerie\/wp-content\/uploads\/2024\/11\/9-1024x768.jpg 1024w, http:\/\/design-boerse-berlin.de\/galerie\/wp-content\/uploads\/2024\/11\/9-300x225.jpg 300w, http:\/\/design-boerse-berlin.de\/galerie\/wp-content\/uploads\/2024\/11\/9-768x576.jpg 768w, http:\/\/design-boerse-berlin.de\/galerie\/wp-content\/uploads\/2024\/11\/9.jpg 1210w\" sizes=\"auto, (max-width: 1024px) 100vw, 1024px\" \/><\/figure>\n<\/div>\n\n<div class=\"wp-block-image\">\n<figure class=\"aligncenter size-large is-resized\"><img loading=\"lazy\" decoding=\"async\" width=\"768\" height=\"1024\" src=\"http:\/\/design-boerse-berlin.de\/galerie\/wp-content\/uploads\/2024\/11\/10-768x1024.jpg\" alt=\"\" class=\"wp-image-886\" style=\"width:512px\" srcset=\"http:\/\/design-boerse-berlin.de\/galerie\/wp-content\/uploads\/2024\/11\/10-768x1024.jpg 768w, http:\/\/design-boerse-berlin.de\/galerie\/wp-content\/uploads\/2024\/11\/10-225x300.jpg 225w, http:\/\/design-boerse-berlin.de\/galerie\/wp-content\/uploads\/2024\/11\/10.jpg 1058w\" sizes=\"auto, (max-width: 768px) 100vw, 768px\" \/><\/figure>\n<\/div>\n\n<div class=\"wp-block-image\">\n<figure class=\"aligncenter size-large is-resized\"><img loading=\"lazy\" decoding=\"async\" width=\"768\" height=\"1024\" src=\"http:\/\/design-boerse-berlin.de\/galerie\/wp-content\/uploads\/2024\/11\/7-768x1024.jpg\" alt=\"\" class=\"wp-image-883\" style=\"width:512px\" srcset=\"http:\/\/design-boerse-berlin.de\/galerie\/wp-content\/uploads\/2024\/11\/7-768x1024.jpg 768w, http:\/\/design-boerse-berlin.de\/galerie\/wp-content\/uploads\/2024\/11\/7-225x300.jpg 225w, http:\/\/design-boerse-berlin.de\/galerie\/wp-content\/uploads\/2024\/11\/7.jpg 1058w\" sizes=\"auto, (max-width: 768px) 100vw, 768px\" \/><\/figure>\n<\/div>","protected":false},"excerpt":{"rendered":"<p>Die Designb\u00f6rse Berlin im Oktober 2024 war ein gro\u00dfer Erfolg und zog rund 3.000 Besucher in die Trib\u00fcnenhalle der Trabrennbahn &hellip; <a href=\"http:\/\/design-boerse-berlin.de\/galerie\/designboerse-berlin-2024-rueckblick\/\" class=\"more-link\">Continue reading <span class=\"screen-reader-text\">So war die Designb\u00f6rse Berlin 2024<\/span><\/a><\/p>\n","protected":false},"author":1,"featured_media":0,"parent":0,"menu_order":0,"comment_status":"closed","ping_status":"closed","template":"","meta":{"footnotes":""},"class_list":["post-876","page","type-page","status-publish","hentry"],"_links":{"self":[{"href":"http:\/\/design-boerse-berlin.de\/galerie\/wp-json\/wp\/v2\/pages\/876","targetHints":{"allow":["GET"]}}],"collection":[{"href":"http:\/\/design-boerse-berlin.de\/galerie\/wp-json\/wp\/v2\/pages"}],"about":[{"href":"http:\/\/design-boerse-berlin.de\/galerie\/wp-json\/wp\/v2\/types\/page"}],"author":[{"embeddable":true,"href":"http:\/\/design-boerse-berlin.de\/galerie\/wp-json\/wp\/v2\/users\/1"}],"replies":[{"embeddable":true,"href":"http:\/\/design-boerse-berlin.de\/galerie\/wp-json\/wp\/v2\/comments?post=876"}],"version-history":[{"count":5,"href":"http:\/\/design-boerse-berlin.de\/galerie\/wp-json\/wp\/v2\/pages\/876\/revisions"}],"predecessor-version":[{"id":895,"href":"http:\/\/design-boerse-berlin.de\/galerie\/wp-json\/wp\/v2\/pages\/876\/revisions\/895"}],"wp:attachment":[{"href":"http:\/\/design-boerse-berlin.de\/galerie\/wp-json\/wp\/v2\/media?parent=876"}],"curies":[{"name":"wp","href":"https:\/\/api.w.org\/{rel}","templated":true}]}}