{"id":981,"date":"2025-09-23T17:40:04","date_gmt":"2025-09-23T15:40:04","guid":{"rendered":"http:\/\/design-boerse-berlin.de\/galerie\/?page_id=981"},"modified":"2025-09-23T17:54:08","modified_gmt":"2025-09-23T15:54:08","slug":"vorgestellt-northern-retro","status":"publish","type":"page","link":"http:\/\/design-boerse-berlin.de\/galerie\/vorgestellt-northern-retro\/","title":{"rendered":"Vorgestellt: Northern Retro\/Designaktivisten"},"content":{"rendered":"\n<p>Besucht den Stand der Designaktivisten \/ Northern Retro auf der Designb\u00f6rse Berlin vom 3.-5.10.25 &#8211; Stand 22!<\/p>\n\n\n<div class=\"wp-block-image\">\n<figure class=\"aligncenter size-large is-resized\"><img loading=\"lazy\" decoding=\"async\" width=\"683\" height=\"1024\" src=\"http:\/\/design-boerse-berlin.de\/galerie\/wp-content\/uploads\/2025\/09\/Designaktivisten-Plakat-DesBoeB25-683x1024.jpeg\" alt=\"\" class=\"wp-image-984\" style=\"width:512px\" srcset=\"http:\/\/design-boerse-berlin.de\/galerie\/wp-content\/uploads\/2025\/09\/Designaktivisten-Plakat-DesBoeB25-683x1024.jpeg 683w, http:\/\/design-boerse-berlin.de\/galerie\/wp-content\/uploads\/2025\/09\/Designaktivisten-Plakat-DesBoeB25-200x300.jpeg 200w, http:\/\/design-boerse-berlin.de\/galerie\/wp-content\/uploads\/2025\/09\/Designaktivisten-Plakat-DesBoeB25-768x1152.jpeg 768w, http:\/\/design-boerse-berlin.de\/galerie\/wp-content\/uploads\/2025\/09\/Designaktivisten-Plakat-DesBoeB25.jpeg 1024w\" sizes=\"auto, (max-width: 683px) 100vw, 683px\" \/><\/figure>\n<\/div>\n\n\n<p class=\"has-text-align-center\">Hinter Designaktivisten\u00ae steckt die Geschichte einer Leidenschaft, die vor \u00fcber 40 Jahren<br>begann. Die Gr\u00fcnderin von Designaktivisten\u00ae, entdeckte schon als Studentin ihre Liebe<br>zu Interior Design und Objekten mit Seele. Aus kleinem Budget heraus \u2013 mit wenig Geld,<br>aber dem Wunsch nach Sch\u00f6nheit im Alltag \u2013 entwickelte sie ein Interesse, das sich mit<br>den Jahren immer mehr verfestigte. Was einst als privates Sammeln begann, wurde zu<br>einer Haltung: gutes Design zu bewahren, es durch eigenes Arrangement neu zu beleben<br>und es mit anderen zu teilen.<\/p>\n\n\n\n<p class=\"has-text-align-center\"><br>Heute treten wir \u2013 als 1. und 2. Generation \u2013 gemeinsam auf: vielleicht eine etwas<br>un\u00fcbliche, aber umso herzlichere Kombi. Wir sind H\u00e4ndler und Sammler zugleich, aktiv<br>Teil einer Community, die zeitloses Design nicht nur besitzt, sondern lebt. Mit<br>Designaktivisten\u00ae tragen wir Alltagsdesign in die Welt, mit dem Ziel, Wohnr\u00e4ume zu<br>versch\u00f6nern und harmonisch zu gestalten.<br>Unser Schwerpunkt liegt auf Mid-Century-Design, auf skandinavischen und deutschen<br>Klassikern der 60er- und 70er-Jahre, erweitert um charakterstarke St\u00fccke der 90er.<br>Entscheidend ist f\u00fcr uns allerdings weniger der Name, sondern mehr unsere eigene<br>Empfindung: Wir handeln mit dem, was uns selbst begeistert und worin wir \u00c4sthetik,<br>Geschichte und Wertsch\u00e4tzung erkennen.<\/p>\n\n\n\n<p class=\"has-text-align-center\"><br>Designaktivisten\u00ae ist damit mehr als ein Etikett \u2013 es ist eine Haltung und, im besten Sinne,<br>eine Community. Die Menschen, die unsere St\u00fccke in ihr Zuhause holen, geben unserer<br>sorgf\u00e4ltigen Kuratierung den Raum, in dem sie wirken kann. In diesem Zusammenspiel \u2013<br>unserer Auswahl und dem individuellen Arrangement im Alltag \u2013 entsteht, was uns<br>antreibt. Als Teil der Sammler-Gemeinschaft suchen wir fortlaufend den Dialog; der<br>Austausch mit Liebhaberinnen und Liebhabern sch\u00e4rft unseren Blick. So f\u00fcllt sich der<br>Name Designaktivisten\u00ae mit Leben \u2013 als gemeinsame Bewegung, die auch allt\u00e4gliches<br>Design in seiner Sch\u00f6nheit bewahrt und individuelle Inspiration m\u00f6glich macht.<\/p>\n\n\n<div class=\"wp-block-image\">\n<figure class=\"aligncenter size-large is-resized\"><img loading=\"lazy\" decoding=\"async\" width=\"927\" height=\"1024\" src=\"http:\/\/design-boerse-berlin.de\/galerie\/wp-content\/uploads\/2025\/09\/northernretro-Banner-927x1024.jpeg\" alt=\"\" class=\"wp-image-987\" style=\"width:512px\" srcset=\"http:\/\/design-boerse-berlin.de\/galerie\/wp-content\/uploads\/2025\/09\/northernretro-Banner-927x1024.jpeg 927w, http:\/\/design-boerse-berlin.de\/galerie\/wp-content\/uploads\/2025\/09\/northernretro-Banner-272x300.jpeg 272w, http:\/\/design-boerse-berlin.de\/galerie\/wp-content\/uploads\/2025\/09\/northernretro-Banner-768x848.jpeg 768w, http:\/\/design-boerse-berlin.de\/galerie\/wp-content\/uploads\/2025\/09\/northernretro-Banner.jpeg 1119w\" sizes=\"auto, (max-width: 927px) 100vw, 927px\" \/><\/figure>\n<\/div>","protected":false},"excerpt":{"rendered":"<p>Besucht den Stand der Designaktivisten \/ Northern Retro auf der Designb\u00f6rse Berlin vom 3.-5.10.25 &#8211; Stand 22! Hinter Designaktivisten\u00ae steckt &hellip; <a href=\"http:\/\/design-boerse-berlin.de\/galerie\/vorgestellt-northern-retro\/\" class=\"more-link\">Continue reading <span class=\"screen-reader-text\">Vorgestellt: Northern Retro\/Designaktivisten<\/span><\/a><\/p>\n","protected":false},"author":1,"featured_media":0,"parent":0,"menu_order":0,"comment_status":"closed","ping_status":"closed","template":"","meta":{"footnotes":""},"class_list":["post-981","page","type-page","status-publish","hentry"],"_links":{"self":[{"href":"http:\/\/design-boerse-berlin.de\/galerie\/wp-json\/wp\/v2\/pages\/981","targetHints":{"allow":["GET"]}}],"collection":[{"href":"http:\/\/design-boerse-berlin.de\/galerie\/wp-json\/wp\/v2\/pages"}],"about":[{"href":"http:\/\/design-boerse-berlin.de\/galerie\/wp-json\/wp\/v2\/types\/page"}],"author":[{"embeddable":true,"href":"http:\/\/design-boerse-berlin.de\/galerie\/wp-json\/wp\/v2\/users\/1"}],"replies":[{"embeddable":true,"href":"http:\/\/design-boerse-berlin.de\/galerie\/wp-json\/wp\/v2\/comments?post=981"}],"version-history":[{"count":5,"href":"http:\/\/design-boerse-berlin.de\/galerie\/wp-json\/wp\/v2\/pages\/981\/revisions"}],"predecessor-version":[{"id":993,"href":"http:\/\/design-boerse-berlin.de\/galerie\/wp-json\/wp\/v2\/pages\/981\/revisions\/993"}],"wp:attachment":[{"href":"http:\/\/design-boerse-berlin.de\/galerie\/wp-json\/wp\/v2\/media?parent=981"}],"curies":[{"name":"wp","href":"https:\/\/api.w.org\/{rel}","templated":true}]}}